
113122012
In base 3, what is -21202 + 20202?
-1000
In base 6, what is 0 + -121022?
-121022
In base 3, what is 211022 + 1000022?
1211121
In base 7, what is -2 - -1445221?
1445216
In base 7, what is -323162 + 2?
-323160
In base 3, what is -2100102 - 1011000?
-10111102
In base 8, what is -33232 + 5?
-33225
In base 13, what is 3 - -2a604?
2a607
In base 4, what is 1323320 - -3?
1323323
In base 7, what is 21 + -2041030?
-2041006
In base 15, what is -2ae5 - 23?
-2b18
In base 5, what is -1 - -300444?
300443
In base 7, what is -1 - 44663?
-44664
In base 4, what is -30232303 - -12?
-30232231
In base 10, what is 1201 + -288?
913
In base 2, what is 0 + 11001010000101?
11001010000101
In base 10, what is -303 + -1719?
-2022
In base 16, what is c - -4c01?
4c0d
In base 3, what is -22220222 + -1021?
-22222020
In base 13, what is 3c4c + -105?
3b47
In base 2, what is -1 - 10111010001001?
-10111010001010
In base 15, what is -35c7e + 17?
-35c67
In base 11, what is 135 - 203?
-79
In base 2, what is 100001011 - 100?
100000111
In base 13, what is -14c9a - -5?
-14c95
In base 5, what is 23221010 + 110?
23221120
In base 5, what is 2202 - -232?
2434
In base 15, what is -11 + -2d2e?
-2d40
In base 2, what is -101010100011101 - -10?
-101010100011011
In base 6, what is -3350550 - -5?
-3350541
In base 11, what is 388 - 2878?
-24a0
In base 14, what is bd - -2b?
10a
In base 5, what is -2 - 241134423?
-241134430
In base 10, what is -4 + -447264?
-447268
In base 5, what is 13243324 + 10?
13243334
In base 3, what is -10 + -11122211?
-11122221
In base 13, what is 2 - -36389?
3638b
In base 4, what is -1233230 + -1031?
-1300321
In base 6, what is 5550 + -4113?
1433
In base 14, what is -528 + -6a0?
-bc8
In base 6, what is 331 + 33434?
34205
In base 6, what is -2311 + 103?
-2204
In base 6, what is 41 + 40003?
40044
In base 6, what is -501 - 1131114?
-1132015
In base 15, what is 75633 + -1?
75632
In base 2, what is -1000 + 1010010?
1001010
In base 13, what is -44c887 - -2?
-44c885
In base 12, what is 66 - -2b8?
362
In base 10, what is 255 + 2081?
2336
In base 15, what is 1183 + 96?
1229
In base 6, what is -35 + 1025153?
1025114
In base 12, what is -12059 - -11?
-12048
In base 5, what is 3 - 2400003?
-2400000
In base 7, what is -6 - 3203?
-3212
In base 5, what is -22100012 + -3?
-22100020
In base 12, what is 505 - 2888?
-2383
In base 10, what is -120 - 1425?
-1545
In base 16, what is -5 + 1879?
1874
In base 7, what is -2 - -21604?
21602
In base 3, what is 110201 + -1011?
102120
In base 5, what is -1233114 + -103?
-1233222
In base 6, what is 155354 + -23?
155331
In base 16, what is -283 + -97?
-31a
In base 12, what is -11962 - 34?
-11996
In base 14, what is 98 - -7d?
137
In base 15, what is -418e - a?
-4199
In base 10, what is 1631094 - -3?
1631097
In base 15, what is 6 - e2c0?
-e2b9
In base 4, what is 21003301 + -10?
21003231
In base 13, what is 5 - 208726?
-208721
In base 8, what is -17 + 250263?
250244
In base 5, what is 3331 - -4?
3340
In base 5, what is -14203 + -1?
-14204
In base 15, what is 1cbc - -4?
1cc1
In base 11, what is 28548 + 2?
2854a
In base 8, what is 1 - 32147?
-32146
In base 15, what is -2b6 - 4ca?
-791
In base 3, what is -12 + 1001201101?
1001201012
In base 3, what is 110120 - -1022?
111212
In base 11, what is 3 - 86a?
-867
In base 14, what is a - 1168?
-115c
In base 8, what is -1437 + -65?
-1524
In base 13, what is -57ac6 + -4?
-57aca
In base 9, what is -82 + 1851?
1758
In base 4, what is 10322203 + 131?
10323000
In base 7, what is -261 + 1415?
1124
In base 15, what is -6b1 + c1?
-5e0
In base 11, what is 98 - -474a?
4837
In base 11, what is -196595 + -5?
-19659a
In base 14, what is -246953 + 5?
-24694c
In base 15, what is 4 + b5c4?
b5c8
In base 5, what is 140034003 + -1?
140034002
In base 14, what is -1a31 + 4?
-1a2b
In base 5, what is 134044 - -24?
134123
In base 10, what is 3 + -177584?
-177581
In base 15, what is 1 + -3239?
-3238
In base 13, what is -6109a - 0?
-6109a
In base 9, what is 2 - -731366?
731368
In base 9, what is -3 + -34362?
-34365
In base 15, what is -3110 - 2?
-3112
In base 15, what is 4 + 22046?
2204a
In base 10, what is 21130 + 8?
21138
In base 13, what is 4c + 4ab?
52a
In base 15, what is 1179 - -294?
141d
In base 13, what is 71616 + -1?
71615
In base 8, what is -20 + 16545?
16525
In base 12, what is -22a5 - -49?
-2258
In base 5, what is -3 + 14213344?
14213341
In base 3, what is 120200101 + -10?
120200021
In base 6, what is -13530 - 2?
-13532
In base 10, what is 1272 - 205?
1067
In base 16, what is -153b - -3?
-1538
In base 11, what is 3309 - -1214?
4522
In base 3, what is -2 + 222212012201?
222212012122
In base 3, what is 1021 + 2202022?
2210120
In base 9, what is 170 - -41285?
41465
In base 6, what is -2041 - 14444?
-20525
In base 10, what is 277042 + 5?
277047
In base 13, what is 45671 + 0?
45671
In base 3, what is -10211 + 122201?
111220
In base 8, what is 0 - 1326727?
-1326727
In base 7, what is -206141 - -3?
-206135
In base 16, what is a3d + e?
a4b
In base 3, what is 122210 - 11?
122122
In base 14, what is -297 - 58?
-311
In base 2, what is 1101 + 11010100010?
11010101111
In base 15, what is 24b6d + -3?
24b6a
In base 8, what is -5 + -7610?
-7615
In base 10, what is -301477 - -1?
-301476
In base 2, what is 1100100 - -100111010?
110011110
In base 13, what is -138 + -1a?
-155
In base 10, what is -3 + 31042?
31039
In base 12, what is 12187 - -3?
1218a
In base 12, what is -5 - -48236a?
482365
In base 5, what is 1030 + -2110?
-1030
In base 13, what is 2 + ca11?
ca13
In base 10, what is -596 - 557?
-1153
In base 10, what is -9 - 672?
-681
In base 9, what is 20737 + -5?
20732
In base 9, what is -61 - -68213?
68142
In base 16, what is 740d - -2?
740f
In base 14, what is -a + c2d?
c23
In base 6, what is 2450 - -44?
2534
In base 14, what is -3 - -10156?
10153
In base 3, what is 100012011 - -12?
100012100
In base 15, what is b86 + c6?
c5c
In base 2, what is 1000100111101000 - -1?
1000100111101001
In base 7, what is -41035425 - -1?
-41035424
In base 14, what is 2 + 596a?
596c
In base 16, what is -697d4 + -4?
-697d8
In base 11, what is 4 - 79867?
-79863
In base 12, what is -a + 80b?
801
In base 12, what is -3 + -b21a?
-b221
In base 10, what is 41136 - -114?
41250
In base 16, what is -26ba0 + -5?
-26ba5
In base 11, what is -60033 + 17?
-60017
In base 13, what is -28 + 2646b?
26443
In base 16, what is -65f80 - -2?
-65f7e
In base 10, what is -32922 + 61?
-32861
In base 16, what is -3 - -445b?
4458
In base 8, what is -20100 + -501?
-20601
In base 12, what is -6846b - -5?
-68466
In base 2, what is -1000110010110011 - 1?
-1000110010110100
In base 9, what is 700227 - 2?
700225
In base 6, what is 11015200 + 5?
11015205
In base 12, what is -212 + -19a?
-3b0
In base 12, what is 4458 + -7?
4451
In base 16, what is -4c + 148?
fc
In base 9, what is 202 - -2218?
2421
In base 13, what is -36 + -33a9?
-3412
In base 5, what is -342010 + 2?
-342003
In base 5, what is 3120130 + 442?
3121122
In base 11, what is 2a64 + -6?
2a59
In base 7, what is 3362 - -1615?
5310
In base 6, what is -322 + 335?
13
In base 11, what is a - -270908?
270917
In base 11, what is 0 - -172a?
172a
In base 8, what is 2 - 2037041?
-2037037
In base 16, what is 0 - 7a68f?
-7a68f
In base 6, what is 1 - 503?
-502
In base 4, what is 1131 - -103210?
111001
In base 11, what is 37 - a54?
-a18
In base 14, what is -4 + -3034b?
-30351
In base 7, what is 2 - -2351323?
2351325
In base 11, what is 1140 - 122?
1019
In base 2, what is -100100000100010110 - -10111?
-100100000011111111
In base 2, what is 0 - -11000001010101?
11000001010101
In base 15, what is -3a + 2a?
-10
In base 11, what is -3924 + -9?
-3932
In base 4, what is -10120121 - 30?
-10120211
In base 10, what is -144 - 147?
-291
In base 15, what is -21bc - 8?
-21c5
In base 9, what is 247327 - 2?
247325
In base 6, what is -124 + 54?
-30
In base 11, what is -122 + 5122?
5000
In base 15, what is -c - -3520?
3513
In base 13, what is -25c6 - -74?
-2552
In base 16, what is 33 + -ca8?
-c75
In base 6, what is -204 - 23510?
-24114
In base 2, what is -100 + -100010100011011?
-100010100011111
In base 2, what is -10001100 - 11101?
-10101001
In base 11, what is -980 + -710?
-1590
In base 12, what is -288b + 10?
-287b
In base 9, what is 36 - 67?
-31
In base 9, what